e of 17?
True
Let q(p) be the third derivative of p**5/60 + 5*p**4/24 - 7*p**3/6 - p**2. Does 6 divide q(-8)?
False
Let n(d) = d**3 + d - 1. Let x = -6 + 8. Does 6 divide n(x)?
False
Suppose -13*r = -18*r + 390. Is 21 a factor of r?
False
Is 27/3*(-184)/(-6) a multiple of 46?
True
Let v(i) = -2*i**3 - 7*i**2 - 8*i - 6. Is v(-4) a multiple of 6?
True
Let b = -3 - -7. Suppose l + 2*j = -2*j + 32, b*l = j + 128. Does 10 divide l?
False
Suppose 0 = 5*n - 4*n - 21. Is n a multiple of 11?
False
Suppose 59 = 5*y - 31. Suppose c = y + 15. Is c a multiple of 11?
True
Let x = 19 + -17. Is -7 - -79 - (x + -2) a multiple of 18?
True
Let x = -26 + 42. Is 8 a factor of x?
True
Suppose 2*b - 13 = -3. Suppose -19 - b = -4*t. Is t a multiple of 4?
False
Let a(p) = p**2 + 3*p + 4. Let n be a(-3). Let y(h) = 4*h + 4*h - 1 - 3*h + h**3 - 5*h**2. Does 2 divide y(n)?
False
Let a(s) = s**3 - 8*s**2 + s - 2. Let z = 4 - -4. Is a(z) a multiple of 3?
True
Let o be (7 - 2) + -2 + -3. Does 12 divide (-30 - o)*(-8)/10?
True
Suppose 4*y - 44 = 4*t, 3*t + 0*y = y - 23. Let x(j) = 5*j - 6. Let g be x(t). Let v = -21 - g. Is v a multiple of 15?
True
Suppose 5*h = 12 + 98. Suppose 3*v + h = 4*v. Does 8 divide v?
False
Let m(y) = y**2 + 3*y. Suppose -5*k - 90 = -5*w, 0 = w + 3*w + 2*k - 72. Suppose -2*v = v + w. Is 6 a factor of m(v)?
True
Let m(p) = -p**2 + 2*p. Let v be m(2). Suppose 3*d + i + v = 4, 0 = 2*d - i - 6. Suppose 3*w + 0*w = -3*q + 30, 4*q + d*w = 32. Is q a multiple of 4?
False
Let f(i) = -11*i**3 - 6*i**2 + 7*i + 6. Let q(k) = -10*k**3 - 5*k**2 + 6*k + 5. Let m(w) = 5*f(w) - 6*q(w). Let b = 18 + -17. Does 2 divide m(b)?
True
Let d be 4/4*(25 - -3). Suppose o + 3*o - d = 0. Is o a multiple of 6?
False
Let y(q) = -7*q**2 - 20*q + 27. Let f(s) = 3*s**2 + 10*s - 13. Let i(d) = 9*f(d) + 4*y(d). Suppose 0 = g - 4 - 4. Does 7 divide i(g)?
True
Let l(q) = q**2 + q + 8. Let w be l(4). Suppose w = 2*j - 3*f, 2*j + 4*f - 52 = f. Is 6 a factor of j?
False
Suppose -5*l - 2*c + 496 = -l, 0 = -l + 5*c + 124. Is 31 a factor of l?
True
Let b be 960/44 - (-4)/22. Let w = 5 + b. Does 10 divide w?
False
Suppose -9 = -3*w - 0*w. Let f(u) = 31*u**2 + u - 2. Let b be f(1). Suppose -v = 5*t - b, -8*t - w*v = -3*t - 40. Does 2 divide t?
False
Suppose -z = 2*z + 12, -5*b - 5*z = -525. Is b a multiple of 8?
False
Suppose r + 4 = 8. Suppose 0*c - r = -2*c. Let a(j) = 10*j**2 + 3*j - 1. Does 13 divide a(c)?
False
Suppose -7 = -4*o + 2*k + 9, 5*o = -3*k + 31. Let d(r) = -2*r. Let b be d(0). Suppose -c - 4*u - 6 = b, -3*c - c - o*u + 31 = 0. Is 13 a factor of c?
False
Let x = -52 + 93. Is x a multiple of 18?
False
Suppose 4*p = 3*p + 19. Let m = 8 + p. Does 5 divide m/2 - 3/(-6)?
False
Does 6 divide 10 + (-3 - -1 - -2)?
False
Let u(k) = -k. Let t be u(0). Suppose 0 = -2*i - 3*p + 2, -3*p - 6 = -t. Suppose 5*w - 78 = -4*c, -4*w + 22 + 38 = i*c. Does 15 divide w?
False
Suppose -2*m - 5*u + 455 = 0, -5*m + m + u + 965 = 0. Is m a multiple of 16?
True
Suppose -15 = -b + 3*d, 2 = 3*d + 5. Suppose b = -i + 3*i. Does 4 divide i?
False
Suppose x + 5*s + 8 = 2*x, 5*x = -3*s - 16. Is 12 a factor of x/(-10) - 177/(-15)?
True
Let j be ((-15)/9)/(25/60*-2). Let h(i) = 2*i - 2. Let f be h(2). Does 4 divide 2 - (j + f + -13)?
False
Let r(d) = d**2 - 5*d + 10. Let s be r(4). Suppose 0 = s*t - 388 - 62. Is 15 a factor of t?
True
Let k = -1 + 4. Suppose -k*i + 4 = -3*l + 2*i, 15 = 3*i. Is l a multiple of 5?
False
Let a = -159 - -236. Suppose -2*o + 2*g = g - a, -56 = -o + 4*g. Is o a multiple of 11?
False
Suppose -28 = -4*t + 4. Is t even?
True
Let v be (-3)/6 + 186/(-4). Let x = v - -73. Is 10 a factor of x?
False
Suppose 2 = 2*d - 4. Let p be 8/(-36) - (-184)/18. Suppose -d*o = -o - p. Does 5 divide o?
True
Suppose 2*f = -3*f + 20. Let i = 9 - f. Does 5 divide i?
True
Let c(i) = 3*i + 12. Let z be c(-5). Let d = 9 - z. Does 12 divide d?
True
Suppose 0*h + 3*h - 3 = 0. Let j(v) = v + 10. Let q be j(-11). Is (q*5*-3)/h a multiple of 6?
False
Let l be ((-6)/(-4))/(6/20). Suppose 0 = -g + 3, -s + 3*s = -l*g + 63. Is 7 a factor of s?
False
Let y = 6 - -9. Is 6 a factor of y?
False
Let v(b) = -8*b**2 - 4*b. Let x be v(5). Is (x/(-25))/(4/10) a multiple of 9?
False
Let c(p) = 2*p - 1. Let x be c(2). Suppose 3*j + 20 = 2*w, -30 = -3*w + 8*j - x*j. Does 6 divide w?
False
Suppose -4*b + 10 = -22. Suppose 0 = 3*a - 5*l - 32, -3*a + l - 8 = 6*l. Suppose -b*k + a*k = -80. Is k a multiple of 15?
False
Suppose -2*j = 2*m - 0*j + 4, -2*m + 2*j + 12 = 0. Suppose -5*s + 66 = 2*y - 17, -5*y + m*s + 164 = 0. Does 17 divide y?
True
Suppose 3*z - 17 = h, -2*h - 19 = -z - 5*h. Let p = 5 - -10. Let v = p - z. Does 5 divide v?
False
Let v(g) = 1 - 7 + 0 + 2*g + g. Does 8 divide v(7)?
False
Let x = 2 - 0. Suppose 1 = 3*h - 5. Suppose 0 = -2*z + x, 2*v - 105 = -h*z - 29. Is v a multiple of 17?
False
Let m(p) be the first derivative of -1 + 21/2*p**2 - 3*p. Is m(3) a multiple of 20?
True
Suppose f - 6*l - 192 = -2*l, -4*l - 16 = 0. Is 23 a factor of f?
False
Suppose 6*g - 2*f - 14 = g, -3*g - 2 = 4*f. Let u = 1 + g. Does 2 divide u?
False
Let n(k) = 7*k + 4. Let t(c) = 6*c + 4. Let y(f) = 5*n(f) - 6*t(f). Is 5 a factor of y(-11)?
False
Suppose -5*c + 2 = -w - 6, -w = 4*c - 10. Let f(n) = 2*n**2 + 51 - 24 - 30 + 3*n. Is f(c) a multiple of 5?
False
Suppose -2*a + 4 = 2*a. Is 19 a factor of 13/(-13)*(-37 - a)?
True
Suppose 2*d = 3*d + 19. Let w(n) = -49*n**2 + n - 1. Let f be w(1). Let o = d - f. Is 12 a factor of o?
False
Let l(o) = 0*o**2 + 5*o**3 + 2*o**2 - 2*o**3 - 2*o**3 - 2. Let x be l(-5). Let u = -50 - x. Is 8 a factor of u?
False
Suppose -4*d + 0*d + 91 = -5*b, -d + 5*b + 4 = 0. Let m = -13 + d. Is 5 a factor of m?
False
Let f be ((-1)/3)/(2/(-18)). Let u(y) = 3*y**2 - y + 2. Is 26 a factor of u(f)?
True
Suppose -5*r = -4*u - 2*r + 11, 5*u = 3*r + 10. Does 27 divide 25 - (u - (-3)/(-3))?
True
Suppose -4*l - 5 = -4*r - 13, 3*r = -5*l - 22. Let j be (-1)/3*(-2 + r). Suppose j*a - a = 27. Is 9 a factor of a?
True
Let l be -3*16/(-6)*1. Let j = -1 + l. Is j even?
False
Suppose 5*i = 2*i + 72. Does 6 divide i?
True
Let l(g) = g**3 - 6*g**2 - 6*g - 4. Let b = 14 + -7. Let y be l(b). Does 8 divide y + -3 + 2 + 19?
False
Suppose -4*n = -3*n. Let u = 22 + -5. Let z = u - n. Is 17 a factor of z?
True
Suppose -l = -5*a + 118, -3*a + 5*l = 2*l - 78. Let p(y) = 8*y - 1. Let w be p(5). Let d = w - a. Is d a multiple of 8?
True
Is 27 a factor of 4/(-6)*6 + 85?
True
Suppose 2*z - 460 = -8*z. Does 3 divide z?
False
Let q = 1 + 9. Suppose 2*r = -3*r - q. Is (-1 - 0)/(r/42) a multiple of 10?
False
Let o = -23 + -55. Let q be o/(-2 + 11/4). Is q/(-28) + (-2)/(-7) a multiple of 2?
True
Suppose 0 = 4*c - 3*c + 84. Is 14 a factor of c/10*(-20)/6?
True
Let z(p) = p**2 + 3*p + 6. Is z(-9) a multiple of 10?
True
Let f be 1*-1*11*1. Let c be (5/3)/((-2)/(-6)). Let a = c - f. Is 7 a factor of a?
False
Is 5 a factor of 8/44 + 273/11?
True
Let d(m) = -m**2 + 12*m - 12. Let i be d(11). Let l = 3 + i. Suppose -4*c + 46 = -l*c. Is c a multiple of 8?
False
Let z(s) = 243*s**2 - 3*s + 4. Does 15 divide z(1)?
False
Let v = 32 + -8. Is 8 a factor of v?
True
Is (-90)/4*(-16)/12 a multiple of 15?
True
Let v = -3 + 23. Suppose -r + v = -2*t, -5*r + r = 2*t - 60. Does 12 divide r?
False
Let s be (-6)/(0 + 3) + 6. Suppose 32 + 32 = s*f. Is f a multiple of 8?
True
Let r be 1/(-4 + 1 + 2). Let m be 3*(-2 + 4 + r). Suppose -7*q + 12 = -m*q. Is 3 a factor of q?
True
Suppose -5*d + 2*h - 27 = -203, 5*h = -d + 46. Does 9 divide d?
True
Let y be ((-4)/8)/(1/(-2)). Does 8 divide y*11/((-11)/(-30))?
False
Suppose 4*l - 8*l + 132 = 0. Let f = l - -13. Is f a multiple of 23?
True
Let r(k) = 16*k**3 - 2*k**2 + k - 2. Does 12 divide r(2)?
True
Let k(m) = -m - 15. Let b(s) = -1. Suppose 4*d = 1 + 11. Let z(f) = d*b(f) - k(f). Is z(-8) a multiple of 3?
False
Let g = 93 - -13. Suppose -g + 2 = -4*o. Is o a multiple of 13?
True
Is 22 a factor of 3*(-22)/12*(-156)/3?
True
Suppose -q - 212 = -5*q. Suppose -3*x + 51 = n - q, 4*n + 16 = 0. Does 14 divide x?
False
Suppose -144 = -2*o - 2*n, -n - 3*n + 12 = 0. Is o a multiple of 26?
False
Suppose -6*x + 3300 = 4*x. Is 30 a factor of x?
True
Let g = -5 + 139. Suppose -4*z + g = 38. Is z a multiple of 9?
False
Let j(q) = -8*q + 1. Let d be 